f) = -6284*f + 50273. Calculate w(8).
1
Let l(t) = 3*t**2 - 368*t + 5117. Determine l(16).
-3
Let x(a) = -a**3 + 56*a**2 + 192*a - 4404. Determine x(58).
4
Let j(i) = -4*i - 20. Determine j(-15).
40
Let d(p) = -109*p - 1843. Give d(-17).
10
Let c(z) = z**3 - 5*z**2 - 10*z + 43. What is c(5)?
-7
Let k(j) = 174*j**2 + 372*j - 1. Determine k(-2).
-49
Let v(m) = -m**2 + 70*m - 314. What is v(77)?
-853
Let m(n) = -1564*n + 7818. Give m(5).
-2
Let y(q) = -q**3 - 34*q**2 - 32*q + 74. What is y(-33)?
41
Let q(f) = -f**2 + 85*f - 1891. Calculate q(50).
-141
Let r(g) = -8*g + 6. What is r(55)?
-434
Let d(u) = -500*u + 4494. Calculate d(9).
-6
Let k(x) = -4*x**2 - 54*x + 848. Determine k(9).
38
Let x(r) = 4*r - 56. Calculate x(-13).
-108
Let h(q) = 74*q - 191. Calculate h(1).
-117
Let i(x) = -52*x - 484. Calculate i(-13).
192
Let f(k) = -34*k + 656. Calculate f(20).
-24
Let p(x) = x**3 + x**2 + 565*x + 25. What is p(0)?
25
Let u(l) = 2*l**3 + 23*l**2 + 3*l - 19. Give u(-12).
-199
Let g(r) = -636*r - 4452. What is g(-7)?
0
Let u(v) = 4*v**2 - 819*v + 2470. Give u(3).
49
Let o(z) = z**3 + 31*z**2 + 19*z - 81. What is o(-30)?
249
Let r(i) = 5*i + 87. Determine r(-18).
-3
Let f(b) = 291*b - 4384. What is f(15)?
-19
Let o(t) = -2*t**2 - 204*t - 197. Determine o(-101).
5
Let t(f) = -15*f - 1020. Calculate t(-52).
-240
Let x(p) = -127*p + 3760. Give x(30).
-50
Let u(w) = 29*w - 744. Determine u(26).
10
Let z(x) = 2*x**3 - 20*x**2 + 36*x - 39. Give z(8).
-7
Let p(i) = 2*i**2 - 345*i - 54491. Give p(-100).
9
Let i(c) = c**3 + 11*c**2 + 23*c. Give i(-3).
3
Let p(i) = 467*i + 81. Determine p(1).
548
Let x(i) = -9*i**2 + 38. What is x(8)?
-538
Let x(a) = 97*a + 8099. Determine x(-84).
-49
Let j(g) = 2159*g - 17276. Determine j(8).
-4
Let i(s) = -6*s**2 - 326*s - 3960. Calculate i(-36).
0
Let t(q) = -10*q**3 + 2*q**2 - 244*q - 245. Give t(-1).
11
Let r(z) = -13*z + 45. What is r(12)?
-111
Let a(l) = -2*l**2 - 42*l - 52. Give a(-19).
24
Let n(i) = -2*i**2 - 132*i + 2125. What is n(-79)?
71
Let j(x) = -79*x - 2987. Calculate j(-38).
15
Let g(r) = 5*r**2 - 23*r - 16. Give g(-5).
224
Let i(m) = -13*m**2 + 89*m - 44. Calculate i(6).
22
Let a(d) = -229*d - 20869. Give a(-91).
-30
Let j(y) = y**2 + 6*y + 16. Give j(-4).
8
Let k(t) = 19*t**2 + 2094*t + 447. What is k(-110)?
7
Let s(m) = -24*m**2 + 150*m + 48. What is s(6)?
84
Let i(v) = v**2 - 14*v - 66. Calculate i(29).
369
Let h(s) = 2*s**2 + 90*s - 89. Give h(1).
3
Let z(v) = v**2 - 21*v - 220. Calculate z(25).
-120
Let b(p) = p**3 + 62*p**2 + 89*p - 1864. Give b(-60).
-4
Let h(q) = -q**2 - 87*q + 612. Calculate h(-88).
524
Let y(f) = 2151*f + 6449. What is y(-3)?
-4
Let f(a) = 2*a**2 + 59*a - 98. What is f(-31)?
-5
Let p(f) = 6*f**2 + 93*f - 166. Determine p(-16).
-118
Let t(h) = -6*h - 101. What is t(-18)?
7
Let t(y) = 149*y - 25186. Determine t(169).
-5
Let p(j) = -18*j + 1045. Give p(40).
325
Let u(i) = -9*i**2 - i - 10. Give u(-5).
-230
Let y(b) = 2*b**3 - 12*b**2 - 24*b + 122. Calculate y(6).
-22
Let o(b) = -8171*b + 49022. What is o(6)?
-4
Let o(r) = r**3 - 8*r**2 - 12*r + 30. Give o(9).
3
Let m(i) = -293*i + 875. Calculate m(3).
-4
Let c(d) = 9*d - 261. What is c(21)?
-72
Let m(z) = 27*z + 13. Determine m(4).
121
Let h(d) = -d**2 - 16*d + 622. Determine h(-34).
10
Let d(y) = -2*y**2 + 87*y + 1206. Calculate d(-11).
7
Let t(w) = w**3 + 10*w**2 - 34*w + 84. What is t(-13)?
19
Let w(g) = g**2 + 5*g + 13. Calculate w(11).
189
Let y(r) = -523*r + 82641. What is y(158)?
7
Let g(i) = 26*i**2 - 48*i + 4. Give g(1).
-18
Let f(w) = -3*w**3 - 29*w**2 - 44*w - 327. What is f(-10)?
213
Let p(y) = y**3 + 4*y**2 + 690*y + 1368. Determine p(-2).
-4
Let f(p) = -2*p**3 + 42*p**2 - 64*p - 46. What is f(19)?
182
Let y(d) = 2*d**3 - 90*d**2 + 926*d + 25. Calculate y(16).
-7
Let l(m) = 72*m + 2084. Determine l(-29).
-4
Let o(l) = l**3 + 20*l**2 + 4*l + 63. Give o(-20).
-17
Let j(m) = m**3 - 53*m**2 - 414*m + 81. Give j(-7).
39
Let i(b) = -19*b + 535. Give i(32).
-73
Let f(p) = 3*p**2 + 423*p + 9734. Give f(-112).
-10
Let l(d) = 186*d**2 + 5951*d - 40. Determine l(-32).
-8
Let g(y) = 17*y - 335. Calculate g(27).
124
Let p(d) = -237*d + 6418. Determine p(27).
19
Let j(k) = -k**2 + 11*k + 4. Calculate j(2).
22
Let n(r) = -119*r + 989. What is n(8)?
37
Let a(k) = 610*k - 5009. Give a(9).
481
Let f(u) = 91*u + 1274. Give f(-12).
182
Let q(w) = 15*w**2 + 10*w + 5. Give q(-2).
45
Let j(v) = -19*v**2 + 15*v + 10. Determine j(2).
-36
Let v(d) = -13*d**2 - 513*d - 512. Give v(-1).
-12
Let a(m) = -4*m**3 - 48*m**2 + 4. Give a(-12).
4
Let s(r) = 223*r**2 - 8*r - 7. What is s(-1)?
224
Let i(a) = 47*a + 456. What is i(-10)?
-14
Let v(p) = p**2 + 9*p + 36. Give v(-7).
22
Let b(r) = -r**2 + 51*r - 533. Determine b(15).
7
Let d(b) = 4*b - 4. Calculate d(14).
52
Let h(v) = -28*v + 100. Determine h(2).
44
Let t(z) = 2*z**2 - 122*z + 427. Calculate t(56).
-133
Let t(v) = v**3 - 25*v**2 + 119*v - 3757. What is t(26)?
13
Let x(n) = 2*n**3 - 52*n**2 - 56*n + 23. Determine x(27).
-31
Let j(w) = w**2 - 61*w - 6388. Calculate j(116).
-8
Let h(q) = 2*q**3 + 15*q**2 + 125*q + 1059. Calculate h(-8).
-5
Let x(m) = 2*m**3 - 25*m**2 - 10*m - 23. Calculate x(13).
16
Let p(l) = -l**3 + 4*l**2 + 1273*l - 5063. Give p(4).
29
Let z(f) = -23*f**2 + 10*f + 34. Determine z(-3).
-203
Let p(k) = k**3 - 3*k**2 - 4*k - 2. What is p(4)?
-2
Let y(p) = p**3 + 4*p**2 + 11*p + 10. Calculate y(0).
10
Let d(u) = -u**2 + 29*u - 90. Give d(3).
-12
Let d(l) = -l**2 - 7*l + 18. What is d(4)?
-26
Let n(t) = -t**2 - 42*t + 282. Give n(-48).
-6
Let y(p) = 18334*p - 275018. Calculate y(15).
-8
Let o(s) = 34*s**3 + 23*s**2 + 45*s + 4. Determine o(-2).
-266
Let i(y) = -3*y**2 - 49*y - 123. Give i(-13).
7
Let x(y) = y**2 + 407*y - 3326. Give x(8).
-6
Let d(w) = -27*w - 1022. Determine d(-23).
-401
Let u(v) = -8*v + 83. What is u(19)?
-69
Let l(s) = 4*s**2 + 78*s - 809. Give l(-27).
1
Let a(z) = z**2 - 5*z - 15. What is a(6)?
-9
Let h(f) = -13*f**2 + 719*f - 925. Determine h(54).
-7
Let y(k) = k**3 + 61*k**2 - 93*k - 1972. Calculate y(-62).
-50
Let r(u) = -56*u + 1825. Determine r(32).
33
Let d(r) = r**2 - 236*r + 13736. What is d(112)?
-152
Let s(k) = -152*k + 5465. Determine s(36).
-7
Let q(r) = -228*r**3 + 4*r**2 - 2. Give q(1).
-226
Let k(v) = -6*v + 94. Calculate k(-11).
160
Let i(y) = 450*y + 14397. Determine i(-32).
-3
Let r(t) = 6*t**2 - 17. What is r(2)?
7
Let f(m) = 52*m - 1597. What is f(32)?
67
Let c(j) = j**3 - 37*j**2 - 108*j - 131. Give c(40).
349
Let j(o) = 20*o**2 - 10*o + 42. Calculate j(3).
192
Let p(s) = 5308*s - 90238. Give p(17).
-2
Let b(k) = 5*k - 44. What is b(8)?
-4
Let v(m) = 74*m - 337. Give v(6).
107
Let t(d) = d**3 + 62*d**2 + 177*d - 16. What is t(-59)?
-16
Let x(b) = -12*b - 749. What is x(-63)?
7
Let j(g) = 26*g - 1295. Calculate j(45).
-125
Let k(d) = -6716*d - 47000. Calculate k(-7).
12
Let c(i) = -i**3 - 70*i**2 + 157*i + 919. Give c(-72).
-17
Let i(n) = -2*n**3 - 37*n**2 - 17*n + 134. Give i(-18).
116
Let n(g) = 304*g + 895. What is n(-3)?
-17
Let z(k) = 98*k - 489. Give z(5).
1
Let v(z) = 5*z**2 - 204*z + 99. What is v(40)?
-61
Let y(g) = g**2 + 19*g + 141. What is y(-14)?
71
Let i(a) = 2*a**3 + 30*a**2 + 20*a - 8. Give i(-15).
-308
Let j(u) = 4*u**2 - 9*u - 72. Calculate j(-7).
187
Let w(q) = -108*q - 704. Give w(-7).
52
Let l(s) = -6*s + 358. Determine l(58).
10
Let n(t) = 3317*t + 23266. What is n(-7)?
47
Let y(i) = 2*i**3 - 3*i**2 - 44*i + 125. Give y(3).
20
Let z(k) = 2*k**3 + 37*k**2 - 28*k - 173. Calculate z(-19).
-2
Let x(r) = 128*r + 1155. Determine x(-9).
3
Let q(p) = p**3 - 3*p**2 + 10*p + 112. Determine q(-7).
-448
Let o(u) = -62*u + 425. Determine o(-3).
611
Let n(y) = y**2 + 141*y + 803. Calculate n(-6).
-7
Let f(k) = 7*k - 244. Give f(32).
-20
Let h(k) = -2*k**2 + 40*k - 273. Give h(15).
-123
Let k(u) = 2*u**2 - 15*u - 35. Give k(11).
42
Let n(o) = o**2 + 2914*o + 14533. Calculate n(-5).
-12
Let g(m) = -123*m**3 + 98*m + 98. What is g(-1)?
123
Let m(r) = 2*r**3 - 13*r**2 - 148*r + 7. Determine m(-6).
-5
Let j(n) = -n**2 - 1736*n - 8659. Calculate j(-5).
-4
Let w(p) = -1750*p + 320253. What is w(183)?
3
Let d(x) = 2*x**2 + 82*x - 121. Give d(-42).
-37
Let b(x) = -3*x**2 + 34*x - 184. Calculate b(6).
-88
Let n(x) = 11*x + 2. Give n(-31).
-339